 7*p**5/60 - 5*p**2. Let v(n) be the third derivative of u(n). What is the units digit of v(-4)?
5
Suppose 0 = 15*h - 10*h - 1175. Let c = h - 2. What is the hundreds digit of c?
2
Let n = 488 - 116. Suppose 4*w = -4*l + 2*l - n, l - 4 = 0. What is the tens digit of (-2)/5 + (-5738)/w?
6
Suppose -21*u + 33765 = -13758. What is the tens digit of u?
6
Suppose 0*p - 5117 = -17*p. What is the hundreds digit of p?
3
Suppose 19*y - 63 = -2*y. What is the units digit of y?
3
Suppose 3*f - 2 + 14 = 0. Let h(a) = 2*a**2 - a - 6. Let y(m) = m**2 - m - 5. Let n(r) = 2*h(r) - 3*y(r). What is the tens digit of n(f)?
1
Suppose i - 3*q = -q + 458, 0 = 5*i + 5*q - 2275. What is the units digit of i?
6
Let o = -12 + 12. Suppose o = u - 2*u + 12. What is the units digit of 111/u + (-3)/12?
9
Let z(m) = -1136*m**3 - 5*m**2 - m + 3. What is the tens digit of z(-1)?
3
Suppose -2*p + 0*p + i + 4 = 0, p = 2*i - 1. Suppose -4*t + 16 = 0, t - 154 = p*x + 3*t. What is the units digit of (882/x)/((-2)/6)?
9
Let k = -12 + 7. Let n be (4/(-4) - k) + 1. Suppose -38 = -2*b - 2*t, -b = -0*t - n*t + 5. What is the tens digit of b?
1
Let b(n) = 5*n - 28. Let r be b(7). What is the tens digit of (-1296)/(-21) - (-2)/r?
6
What is the hundreds digit of (18 - -7)*-2*56/(-4)?
7
Let q(l) = 48 + 39 - 51 - 9*l + l**2. What is the units digit of q(11)?
8
Suppose 943 = 3*t - 4*a, -431 = -3*t + 3*a + 517. What is the units digit of t?
1
Suppose 60 = 8*s - 636. What is the units digit of s?
7
What is the units digit of (-2255)/(-22)*((-13)/(-5) + -1)?
4
Suppose 17*s - 21*s = -376. Let c = 114 - s. What is the tens digit of c?
2
Let i(l) = 83*l**2 - 2*l - 1. Let y be i(-1). Suppose -4*w = -16 + y. Let t = 21 + w. What is the units digit of t?
4
Let n(c) = -c + 6. Let h be n(8). Let q be h/(-9) - (-440)/45. Suppose 0 = -3*j - 2*j + q. What is the units digit of j?
2
Let p(s) = -15*s + 13. Let j be (1/2)/((-6)/(-108)). Let z be p(j). Let g = -81 - z. What is the tens digit of g?
4
Let u = -1103 - -1799. What is the units digit of (2/4)/(6/u)?
8
Suppose -63 - 25 = -k. Let p be (-88 + 2)/(-1 + 3). Let y = k + p. What is the tens digit of y?
4
Suppose -3*f + 4 + 2 = 0. Suppose -8 = 2*p, i - 51 = -f*p + p. Suppose -c + 51 = 2*y, 2*y - 7*c + 4*c = i. What is the tens digit of y?
2
Let q be 23 + -25 + (-212)/(-2). Suppose 2*l = 24 + q. What is the tens digit of l?
6
Let g be (-7317)/12 - 15/(-20). Let a = g + 870. What is the tens digit of a?
6
Let u(l) = l**3 + 6*l**2 - 5*l - 6. Let g be u(-6). What is the units digit of g/(-8) + 1*52?
9
Let v be (-2)/8 - (-2)/8. Let u(i) = -i**3 + i**2 + 12 - 13*i + 26*i - 15*i. What is the tens digit of u(v)?
1
Let s = 34 + -31. Suppose 12*k - s*k - 693 = 0. What is the tens digit of k?
7
Suppose 15*v = 12*v + 348. What is the tens digit of v?
1
Let u be 100/8*(-16)/(-20). Suppose 11*t = u*t + 4. What is the tens digit of -3 - -21 - t/(-4)?
1
Let n(u) = u**2 - u + 93. Let r be 0/(8 + -3 + -3). What is the tens digit of n(r)?
9
Let a be (12/(-5))/((-33)/110). Suppose -4*t + a*t - 268 = 0. What is the tens digit of t?
6
Let r(g) = 14*g. Let i be r(1). Let b(y) be the second derivative of y**4/12 - 13*y**3/6 + y**2/2 - 3*y. What is the units digit of b(i)?
5
Suppose 26 = 5*i + 4*w, 0 = -2*i - 3*i - 2*w + 18. Suppose 0 = l - i - 26. What is the units digit of l?
8
Suppose 216*y - 212*y = 12. Suppose 0 = y*g - 5*x - 876, -3*g - g + 3*x + 1168 = 0. What is the units digit of g?
2
Let x be ((-8)/(-2) - 3) + 11. What is the tens digit of 4 - 3*(-88)/x?
2
Let n = -63 - -107. Suppose 0 = 12*c - 16*c + n. What is the units digit of c?
1
Let h = -65 - -48. Let o = 97 - h. What is the units digit of o?
4
Let u = 5283 + -2926. What is the hundreds digit of u?
3
Let b(c) be the second derivative of -11*c**4/24 - c**3/6 - c**2/2 - 7*c. Let g(o) be the first derivative of b(o). What is the units digit of g(-4)?
3
Let h = 507 - -610. What is the units digit of h?
7
Suppose 5*o = 17 - 32. What is the units digit of o + 56 - (3 + -6)?
6
Suppose 0*l + 6 = -3*l. What is the units digit of 1092/24 - 1/l?
6
Let u(l) = l**2 - 8. Let v be u(0). Let z = -83 + 76. Let j = z - v. What is the units digit of j?
1
Suppose 5*t - 6 = 2*t. Let m = 2 + t. Suppose m*u + h = -33 + 147, 4*u = 5*h + 126. What is the units digit of u?
9
Let g(p) = p**2 - 3*p - 3. Let f be g(4). Let m(t) = -4*t**3. Let r be m(f). What is the units digit of 1 - r/(-4) - -8?
8
Let r(j) = j**3 + 14*j**2 + j + 20. Let a be r(-14). What is the tens digit of a*5/60*32*1?
1
Let v = 39 - 37. Suppose -i = -4*b - 1 + 5, -4*i - 2*b + v = 0. Suppose -4*q - 350 = -5*s - q, q = i. What is the tens digit of s?
7
Suppose 5*a - 2*h = 2*h + 8093, 0 = -2*a + h + 3236. What is the hundreds digit of 4/6*-1 - a/(-9)?
1
Suppose 9 + 1 = u. Suppose -11 = -4*r - 5*x, -4*x + 7*x + 3 = 0. Suppose -2 = r*o - u. What is the units digit of o?
2
What is the units digit of ((-8 + 1)/(-28))/(1/916)?
9
Let n(p) = -p**3 + p**2 + p - 4. Let x be n(0). Let d(i) = i**3 + 4*i**2 + i + 4. Let f be d(x). What is the units digit of -1*(-1 - (7 - f))?
8
Let w(x) = 266*x**2 + 24*x - 16. What is the tens digit of w(-4)?
4
Suppose 778 = -9*j + 4423. What is the hundreds digit of j?
4
Let h = 106 - -963. What is the thousands digit of h?
1
Let o be (-6)/(-4) + 3/2. What is the units digit of -3*(-30 + o)/3?
7
Let p(m) = 7*m + 14. Let q = 52 - 45. What is the units digit of p(q)?
3
Let g = 503 - -33. Suppose -3*i = i - g. What is the hundreds digit of i?
1
Suppose 5*i = -6*i. Suppose 3*x = -2*v + 34, i*x - 4*v = -x + 2. What is the units digit of x?
0
Let g be (27/(-18))/(1/(-2)). Suppose 0*m - 3*b = m - 104, -g*b - 190 = -2*m. What is the units digit of m?
8
Let y be (-1)/(3/99)*28/(-4). Suppose -y*q + 681 = -228*q. What is the tens digit of q?
2
Suppose -5832 = 52*h - 58*h. What is the tens digit of h?
7
Let i be -2 - (-3 + 4 - 98). Let t = i + -47. Suppose 4*g + 2*f - 194 = 0, 2*g - f + t = 3*g. What is the tens digit of g?
4
Suppose -31326 = -8*k - 12118. What is the tens digit of k?
0
Let g(q) = 36*q**2 + 4*q - 54. Let c(f) = -7*f**2 - f + 11. Let w(m) = -11*c(m) - 2*g(m). What is the units digit of w(4)?
9
Suppose 0*h - 10 = -5*h. Suppose b + 40 = p, -3*b - 46 = -h*p + 36. What is the units digit of p?
8
Let s be 0 - ((16 - 3) + -1). Let t(j) = -j**3 - 12*j**2 + j + 14. Let u be t(s). Suppose 5 - 1 = -p, -5*p = -u*n + 62. What is the units digit of n?
1
Let k(g) = 2*g + g + 5*g - 5 + 3*g**2 - 4*g - 5*g**3. What is the units digit of k(-3)?
5
Let h(r) = 38*r**2 - 22*r - 67. What is the units digit of h(-4)?
9
Suppose 21 = 5*m + 6. Let p(x) = m + x**2 + 0 + 3. What is the units digit of p(6)?
2
Suppose -2*w = 5*w - 15547. What is the tens digit of w?
2
Let v = -1 - -5. Let n(w) = 2*w**2 + 54*w + 8. Let k be n(-26). Let a = v - k. What is the units digit of a?
8
Let p be 12/(-4) - -136 - -1. Let k = -190 + p. What is the tens digit of 36/(-14)*k/12?
1
Suppose -22*s = -44*s + 26378. What is the thousands digit of s?
1
Let j be 1*(-6 + 3)/(-3). Suppose 8 = 3*z - j. What is the units digit of 9 - 1/(1/z)?
6
Suppose 5*a + 61 = -5*t + 2*a, -5*a = t - 1. What is the units digit of (-14)/(-4)*t/(-1)?
9
What is the units digit of 3/120*8 + 1479/5?
6
Let g(u) = -u**3 + u + 3. Let v(x) = x**3 + x**2 - 2*x - 3. Let o(w) = 2*g(w) + 3*v(w). Let f be o(-4). Let q = f - -19. What is the tens digit of q?
1
Let s(c) = 43*c - 75. What is the hundreds digit of s(18)?
6
Suppose 4*y + 3*d - 2140 = 4*d, d = -y + 535. What is the units digit of y?
5
Let c(l) = -2*l**3 + 9*l**2 + 30*l - 17. What is the hundreds digit of c(-10)?
5
Let z(c) = c**3 - 9*c**2 + 9*c - 22. Let v = 51 + -42. What is the tens digit of z(v)?
5
Let h(c) = c - 12. Let a be h(12). Let z = 72 + a. What is the units digit of z?
2
What is the units digit of 5/(-15) + 1 + (-2722)/(-3)?
8
Let j = -177 + 607. What is the tens digit of j?
3
Let z be (76/(-2))/(4/(-16)). Let q = z + -29. What is the units digit of q?
3
Suppose -158*w - 5883 = -161*w. What is the thousands digit of w?
1
Let q = 24 + -12. Let w be (q/15)/(6/15). Suppose -20 = -7*x + w*x. What is the units digit of x?
4
Let g = 331 - 220. Let b = g - 43. What is the tens digit of b?
6
Let l = -2895 + 5679. What is the units digit of l?
4
Suppose 3*q - 4*c 